late (-32 - -28) + -2 + 0.
-6
Evaluate -3 + -4 - (1 + -6).
-2
Evaluate (-4 - (-5 + 3)) + 0.
-2
9 + (-11 - -3) + -4
-3
What is the value of 2 - (-4 - -5 - (-1 - 0))?
0
Calculate 0 + (2 - (-1 - -2)) + -3.
-2
(-9 - -4) + 5 + -3
-3
Calculate -3 + 0 - -8 - (1 + 1).
3
Calculate (-3 - (-7 - 9)) + -4.
9
What is the value of -3 + 16 + -3 - (28 + -21)?
3
What is -28 - -32 - (0 + 10)?
-6
What is 5 + (-5 + 8 - 2) - 2?
4
Calculate 2 + -6 - (-4 + 1) - -2.
1
Calculate 3 + -1 - (7 - (-3 + 8)).
0
What is the value of (-7 - -9) + 3 - (5 - -1)?
-1
Calculate (-10 - -7 - 1) + (3 - 0).
-1
Evaluate (11 + -6 + -11 - -3) + 7.
4
Calculate (3 - (9 + -7)) + -4.
-3
Calculate (2 - 1) + -2 + -3.
-4
Evaluate (0 - 2) + (13 - 5 - 9).
-3
What is 5 + -5 + -2 + -1?
-3
Calculate (1 - 9) + 2 + 8.
2
(11 - 13) + (-1 - (0 - 1))
-2
Calculate (17 - 18) + 4 + 1.
4
What is 2 + -2 - (-5 + 8 + -1)?
-2
What is -3 + 4 + -6 + (2 - -2)?
-1
17 - (2 - 2 - -8)
9
What is the value of 2 + -4 + 5 - 5?
-2
What is (-10 - -5) + 11 - (1 - -1)?
4
Calculate 6 + -5 + 4 - 0.
5
7 + -6 + 6 - -2 - -2
11
Evaluate -11 + 4 - 4 - (-27 - -20).
-4
Evaluate 10 - (2 + 4) - 0.
4
What is 0 + 2 + -1 - -4?
5
Evaluate -8 - (-6 + -10 - -6).
2
Evaluate (-32 - -33) + -4 + 0.
-3
What is (-7 - (-13 + 10)) + (-3 - 0)?
-7
What is (-8 - -4 - -1) + 1?
-2
Calculate -1 + 2 + (-2 - -2) + -4.
-3
Calculate (5 - 6 - -2) + 2 + 1.
4
What is (3 - 4) + -7 - -2?
-6
Calculate -6 + -5 + 2 + 3 + 2.
-4
7 - 3 - 4 - 0 - 5
-5
1 + (7 - (13 - 1))
-4
What is the value of -2 + (2 - (4 - 1))?
-3
Calculate 1 + 2 + -1 + 3 + -5.
0
What is 0 + (-3 + 2 - -1) - 4?
-4
Calculate 0 - -3 - (63 - 60).
0
What is 5 + -3 + (-2 + -3 - 3)?
-6
What is the value of -10 - (4 + -5 - 6)?
-3
Evaluate 1 + 4 + -5 + (0 - 2).
-2
Evaluate -3 + -16 + 12 + 0 + 1.
-6
Calculate (3 + 4 - 4 - 2) + 1.
2
Calculate 5 + (2 - -5) + -6.
6
Calculate 1 + -1 + 0 - (-5 + 16).
-11
Calculate (-8 - -7) + -4 + 1.
-4
Calculate 6 + (-6 - 8) + 6.
-2
What is the value of (-5 - (-9 - 5) - 4) + -8?
-3
-9 + 12 - (1 + 4)
-2
What is (4 + 0 - (1 + 0)) + -1?
2
What is 5 + (2 + -1 - (9 + -8))?
5
Calculate 2 - (1 - 1 - -1).
1
Calculate -2 + (0 - (-3 + 3)) + 4.
2
What is -13 + -1 + 3 - (4 - 11)?
-4
What is the value of -12 + 12 - (0 - (-4 + 1))?
-3
Evaluate -1 + (-2 - -3 - 2).
-2
(-26 - -12 - -9) + -2
-7
What is the value of 3 + -6 + 1 + 7?
5
Calculate -1 + (2 + -6 - -8).
3
What is the value of 2 + -8 - (-19 - -18)?
-5
What is the value of 5 + -9 - 1 - (-4 + 3)?
-4
Evaluate (-3 - -7) + 0 - (14 + -11).
1
What is 11 + -12 + (2 - -4)?
5
What is (10 - 7 - -4) + -3?
4
What is the value of -18 - -19 - (-3 + 2 - 1)?
3
What is -2 + 2 + (3 - (2 - 0))?
1
What is 18 + ((0 - 6) + 5 - 7)?
10
Evaluate -3 - (-7 - -8 - 4).
0
4 - (9 - (-6 - -4) - 6)
-1
What is the value of (0 - 3) + 0 + 5 + 2?
4
Calculate -24 + 24 + -2 + 8 - 11.
-5
What is 4 + (0 + -1 - 6)?
-3
Evaluate (-4 - 5) + (1 - -2).
-6
What is -2 + (-5 - -9 - -3) + -1?
4
What is -3 - (4 - 3) - (6 - 9)?
-1
-2 + 0 + 0 + 3
1
-4 + (4 - (4 - 0) - 3)
-7
Evaluate -8 + (4 - 0) + -1.
-5
Calculate 11 + 2 + 74 + -94.
-7
Evaluate -4 + 5 - (-14 + 20).
-5
-4 + (-1 - -6 - (4 - 0))
-3
-3 - (0 - -2) - 1
-6
What is 0 + -5 + (5 + 5 - -2)?
7
-4 - -5 - (1 + -2) - 0
2
What is the value of 5 + -1 + (-10 - -11)?
5
What is 3 + -3 + 7 + -2?
5
What is -1 + (3 - 2) + 2?
2
What is the value of 0 + -3 - (-3 + -4)?
4
Calculate -5 + 0 + (2 - -7).
4
Evaluate 15 - 19 - (-6 + 3).
-1
Evaluate 6 + -1 + -8 + -3 + 9.
3
Evaluate (4 - 17) + 2 + (1 - -3).
-7
What is 6 + (-2 - (1 + 3)) + 6?
6
(7 - (3 - -4)) + -1 + 6
5
Evaluate (-60 - -65) + (-7 - 0).
-2
Calculate -6 + 3 + (-12 - -20).
5
What is -3 + -1 - -4 - -2?
2
What is 2 + -17 + 8 + -3?
-10
1 - -3 - ((19 - 6) + -8)
-1
What is the value of 2 - 1 - (-7 - 0 - -3)?
5
Calculate -4 + (-2 + -7 - -7).
-6
-11 + (6 + -1 - (-2 - -3))
-7
Calculate -3 + -5 + 9 - -2.
3
What is (-13 - -6 - -5) + 1?
-1
What is the value of 0 + -6 - (2 - 6)?
-2
7 + -6 - (10 + -3)
-6
What is -4 - (-7 - (3 - 7))?
-1
Evaluate 11 + (-2 - (-4 - -6)) - 3.
4
What is the value of -3 - -8 - 6 - (0 + -5)?
4
Calculate -4 + 11 + 0 + -7.
0
9 - (-6 - -8) - 3
4
Evaluate -1 + (-12 - -8) - 1.
-6
2 + 0 - (1 + 1)
0
What is 6 - 3 - ((2 - -8) + -3)?
-4
-2 + 5 - (-4 - -5 - -4)
-2
What is the value of 3 + 3 + -6 + 0 + 3?
3
What is -2 + -3 - (6 - 6 - 11)?
6
Evaluate 0 - 5 - (0 + 1 + -3).
-3
Calculate -2 - (-2 - (3 + -2)).
1
Evaluate -6 - -4 - (3 + -10).
5
3 + 0 - (-2 - -1)
4
-4 - -5 - 2 - 1 - 3
-5
What is 2 + (-4 - -2) + 1 - -2?
3
What is the value of 8 + (2 - 7 - 0)?
3
Evaluate 1 - (3 - -4) - -16 - 6.
4
What is 2 + (-10 + 3 - 0)?
-5
What is 5 + 0 + (0 + 5 - 7)?
3
Calculate -3 - (-2 - (9 + -5)).
3
Evaluate (-1 - -3) + 4 + -6 + 7.
7
What is the value of 53 + -53 + 0 + -1 + 6?
5
Calculate (1 - (0 - -5)) + 12 + -10.
-2
Evaluate -3 + (-4 - (-12 + 4 - -4)).
-3
Calculate (3 - 1) + 3 - 0.
5
Calculate -8 - (-2 + -2 - 1).
-3
What is the value of -2 + -1 + -16 + 20?
1
Evaluate 1 - ((2 - 3) + 4 + -2).
0
Evaluate 8 + -1 - (18 - 13).
2
What is 0 + 1 + (-5 - -6)?
2
What is the value of 4 - (2 - (-4 - -5))?
3
What is the value of -3 - (1 - 1) - (-2 + 0)?
-1
What is 3 + (4 - 7) + -5 - -3?
-2
Evaluate -3 + (3 - 1 - (-27 + 23)).
3
Evaluate 1 + 0 + 2 + -4 - 0.
-1
What is 10 - (14 + (-5 - -1))?
0
Calculate (1 - 4) + 0 + 6 + 1.
4
What is (2 - 6) + 3 - 4?
-5
5 + -1 + -1 + 6 - 5
4
1 - 0 - (1 - 3)
3
What is 4 - -1 - (-8 - -10)?
3
-7 + 4 + -4 + 7
0
-4 + 13 + -4 - 4
1
What is -3 - ((2 + 1 - 10) + 0)?
4
Calculate -2 + -2 + -1 + 1.
-4
What is -4 - (7 + -4 - -1)?
-8
8 + -5 + 8 + (-4 - 2)
5
What is the value of -13 + 0 + 7 + 0 + 1?
-5
What is 5 - (-14 - -2 - -21)?
-4
What is (4 - 2 - 4) + 3?
1
Evaluate 2 + 1 + (1 - 0 - 8).
-4
What is the value of -3 + 2 - (1 - 6)?
4
What is the value of -3 + (-1 - -11) - 2?
5
Calculate 8 + -6 + 27 + -30.
-1
37 + -32 - (5 + -2)
2
What is the value of (2 - (-7 + 5)) + 4 - 1?
7
Evaluate 1 - (-12 - -3 - (-14 + 9)).
5
9 + -3 + 0 - 5
1
Evaluate 1 - (-2 + -2 + -4 + 10).
-1
-4 + (-2 - -1) - -2 - -5
2
0 + -3 + 3 + (3 - 4)
-1
2 - ((-3 - -7) + -4) - 0
2
What is (-19 - (-10 - -3)) + 4?
-8
What is (12 - 2) + -6 + 1 - 1?
4
Evaluate (4 - -6 - 4) + -2.
4
(4 - -6) + (-8 - -2)
4
What is the value of 3 + 0 + -6 + 2?
-1
Calculate 8 - 9 - (-3 + 1 + -2).
3
What is -4 + (-2 - (-6 - 14 - -6))?
8
Evaluate 2 + -3 + 8 + -3 + 1.
5
What is the value of (1 + 7 - (-5 - -9)) + -3?
1
Evaluate (-3 - -2) + -4 - -6.
1
Evaluate 3 - 3 - 3 - 0.
-3
What is 2 + 2 - (8 - (-17 + 19))?
-2
Evaluate -4 - -7 - (-1 + 3).
1
-6 - ((-4 - -12 - 0) + -7)
-7
-7 + (0 - 2) + -55 + 57
-7
Calculate -2 - (-2 - (3 - (2 - -1))).
0
What is the value of 4 - ((-4 - -4) + 4) - 3?
-3
Calculate 7 + (3 - 3) + (-2 - -2).
7
3 - 4 - 3 - (21 - 25)
0
What is 6 - 7 - (1 - 1)?
-1
Calculate -1 + 5 - (21 - 18).
1
What is (8 - 2 - 9) + -2?
-5
What is the value of 58 + -60 - (0 - -1)?
-3
What is the value of -3 - (-2 + (-3 - -6) + -6)?
2
What is the value of 8 - (-6 + 16) - -8?
6
7 + 1 + -13 + 1
-4
0 + 4 + 7 + -14 + 6
3
Evaluate (6 - -1) + (-1 - 4 - -4).
6
What is the value of 0 - 1 - (-4 + -11 + 8)?
6
10 + -8 - (-1 + 0)
3
What is (1 - 0) + -2 - 1?
-2
What is the value of 0 - (-1 - -4) - -2?
-1
What is (5 - (-1 - 0)) + 0?
6
Calculate 4 + -9 + (7 - -6).
8
Evaluate 4 + -4 + 16 + -10.
6
What is 3 + -1 - (-46 + 41)?
7
Evaluate (-23 - (2 + -13)) + (-1 - -7).
-6
What is 4 + -12 + 10 + 1?
3
What is the value of -3 + (-17 - -8) + 7?
-5
6 + (-5 - -4) + -4 - -4
5
What is 11 + 5 + -10 + -10?
-4
Evaluate (2 - 1) + -2 - (-7 - -3).
3
What is the value of (1 - -1 - -1) + (3 - 1)?
5
What is -2 + (3 - 1) - (0 - 1)?
1
Calculate -1 + -4 - -2 - (6 - 8).
-1
Calculate 0 + -1 + 4 - (5 - 3).
1
(4 - -4) + 4 + -10
2
3 + (2 - 2) + 0 + -7
-4
What is -10 - (3 + -11 - 0)?
-2
What is the value of (11 - 2) + 2 + -8?
3
What is -5 + (1 - 7) + 10?
-1
What is -121 + 124 + -9 + 0?
-6
What is (4 - -11) + -17 - (-1 - -1)?
-2
-5 + 1 + 0 + (0 - -7)
3
What is the value of 1 + 0 + -5 - (11 - 8)?
-7
What is -1 + (8 + -4 - 5)?
-2
-1 + (3 - (4 + 3))
-5
3 + 3 + -2 + -9
-5
Calculate (1 + 0 - -6) + -5.
2
Calculate -2 + 3 + (-20 - -19) + -3.
-3
What is the value of -6 - -3 - 3 - (-5 - -5)?
-6
What is 4 + -12 + 5 + -6?
-9
What is (36 - 29) + 0 + -2?
5
Evaluate -8 + 4 + 4 + -1.
-1
What is the value of 1 + -4 - (-6 + 1)?
2
Calculate (-4 - -